{"id":712,"date":"2022-09-05T11:43:35","date_gmt":"2022-09-05T16:43:35","guid":{"rendered":"https:\/\/ccpdq.gob.ec\/?page_id=712"},"modified":"2025-08-12T07:44:04","modified_gmt":"2025-08-12T12:44:04","slug":"funciones-y-atribuciones","status":"publish","type":"page","link":"https:\/\/ccpdq.gob.ec\/index.php\/funciones-y-atribuciones\/","title":{"rendered":"Funciones y atribuciones"},"content":{"rendered":"<div class=\"brz-root__container brz-reset-all brz brz-root__container-page\">\n<section id=\"_apcldkhdczmxwhcvyedpigptxatmbtfgjybz\" class=\"brz-section brz-section__header brz-css-ay6839\">\n<div class=\"brz-section__menu-item brz-css-18g04al brz-css-nise96\" data-brz-custom-id=\"gfswmsajlxvrcplnlbgngptdlfybnojdaflt\">\n<div class=\"brz-bg\">\n<div class=\"brz-bg-color\"><\/div>\n<\/div>\n<div class=\"brz-container brz-css-muelnl\">\n<div class=\"brz-row__container brz-css-stepjz\" data-brz-custom-id=\"bklnaqztgagbspxgvzmxktlfoyqcyhursavd\">\n<div class=\"brz-bg\"><\/div>\n<div class=\"brz-row brz-css-3lar3l brz-css-9h6x0y\">\n<div class=\"brz-columns brz-css-st03li brz-css-18uwktq\" data-brz-custom-id=\"snanpcimycmbufvtfowpxajrfyudwuoyyqfy\">\n<div class=\"brz-bg\"><\/div>\n<div class=\"brz-column__items brz-css-et2e3c brz-css-1wwu53g\">\n<div id=\"\" class=\"brz-css-3c9hel brz-wrapper\">\n<div class=\"brz-image brz-css-wtp5g2\" data-brz-custom-id=\"ehnfkjomslyozrjjcpeqhppudxvyqhfzjboo\"><img decoding=\"async\" class=\"brz-img\" src=\"https:\/\/ccpdq.gob.ec\/wp-content\/uploads\/brizy\/imgs\/LOGOS-CONCEJO-PNG-031-176x166x0x0x176x166x1684944693.jpg\" alt=\"\" loading=\"lazy\"><\/div>\n<\/div>\n<\/div>\n<\/div>\n<div class=\"brz-columns brz-css-st03li brz-css-168lr0c\" data-brz-custom-id=\"wdsumzecaoxouziifzmhlcntrcznerapdyxb\">\n<div class=\"brz-bg\"><\/div>\n<div class=\"brz-column__items brz-css-et2e3c\">\n<div class=\"brz-wrapper-clone brz-css-10s3cb5 brz-css-1b7qu7x\">\n<div class=\"brz-d-xs-flex brz-flex-xs-wrap brz-css-cvkgu3\" data-brz-custom-id=\"\">\n<div class=\"brz-wrapper-clone__item\" id=\"opoonowvrovtwzywvxisirpjbwoqzoikscvr\">\n<div class=\"brz-icon__container\" data-brz-custom-id=\"opoonowvrovtwzywvxisirpjbwoqzoikscvr\"><a class=\"brz-a\" href=\"https:\/\/ccpdq.gob.ec\/\" target=\"_self\" rel=\"noopener\" data-brz-link-type=\"external\"><span class=\"brz-icon brz-span brz-css-46ay8w brz-css-syla9x\"><\/span><\/a><\/div>\n<\/div>\n<\/div>\n<\/div>\n<\/div>\n<\/div>\n<div class=\"brz-columns brz-css-st03li brz-css-1cuqnip\" data-brz-custom-id=\"ntrstbbefzziogsluntaayfpdfnbxlsmykig\">\n<div class=\"brz-bg\"><\/div>\n<div class=\"brz-column__items brz-css-et2e3c brz-css-1i86ay1\">\n<div id=\"\" class=\"brz-css-3c9hel brz-wrapper\">\n<div class=\"brz-menu__container brz-css-1u2llvq\" data-mmenu-id=\"#ngiybxjxteqbakodgalvpfukzuaenkramypj_\" data-mmenu-position=\"position-left\" data-mmenu-title=\"Menu\" data-mmenu-stickytitle=\"on\" data-mmenu-closingicon=\"%7B%22desktop%22%3A%22off%22%2C%22tablet%22%3A%22off%22%2C%22mobile%22%3A%22off%22%7D\" data-brz-custom-id=\"ngiybxjxteqbakodgalvpfukzuaenkramypj\">\n<nav data-mods=\"%7B%22desktop%22%3A%22horizontal%22%2C%22tablet%22%3A%22horizontal%22%2C%22mobile%22%3A%22horizontal%22%7D\" class=\"brz-menu brz-menu__preview brz-css-1cncwbb brz-css-sdqv8b\">\n<ul class=\"brz-menu__ul\" data-menu-items-active=\"\">\n<li data-menu-item-id=\"\" class=\"brz-menu__item \"><a class=\"brz-a\" target=\"\" href=\"\" title=\"\" rel=\"noopener\"><span class=\"brz-span\"><\/span><\/a>\n<ul class=\"brz-menu__sub-menu\"><\/ul>\n<\/li>\n<\/ul>\n<\/nav>\n<div class=\"brz-mm-menu__icon\"><\/div>\n<nav data-mods=\"%7B%22desktop%22%3A%22horizontal%22%2C%22tablet%22%3A%22horizontal%22%2C%22mobile%22%3A%22horizontal%22%7D\" id=\"ngiybxjxteqbakodgalvpfukzuaenkramypj_\" class=\"brz-menu brz-menu__preview brz-menu__mmenu brz-menu--has-dropdown brz-css-hlltus\">\n<ul class=\"brz-menu__ul\" data-menu-items-active=\"\">\n<li data-menu-item-id=\"\" class=\"brz-menu__item \"><a class=\"brz-a\" target=\"\" href=\"\" title=\"\" rel=\"noopener\"><span class=\"brz-span\"><\/span><\/a>\n<ul class=\"brz-menu__sub-menu\"><\/ul>\n<\/li>\n<\/ul>\n<\/nav>\n<\/div>\n<\/div>\n<\/div>\n<\/div>\n<\/div>\n<\/div>\n<\/div>\n<\/div>\n<\/section>\n<section id=\"_vcrwswqiusdwpoeukhyozdtrgzoxmqzfvuxc\" class=\"brz-section brz-css-v0ijjg\">\n<div class=\"brz-section__content brz-section--fullWidth brz-css-4qkhuy brz-css-75hss5\" data-brz-custom-id=\"sgnytsnxcxtfmkfdvilphxinlremrgeksocl\">\n<div class=\"brz-container brz-css-1rglri3 brz-css-elk0d8\">\n<div class=\"brz-row__container brz-css-stepjz\" data-brz-custom-id=\"nuhqccdpcwgxdtbkwvoepirjaascbmpmqrhh\">\n<div class=\"brz-bg\"><\/div>\n<div class=\"brz-row brz-css-3lar3l brz-css-1nicd4n\">\n<div class=\"brz-columns brz-css-st03li brz-css-1hs9tf1\" data-brz-custom-id=\"emqnbspickebxxroqcgyokgisznrifistnds\">\n<div class=\"brz-bg\">\n<div class=\"brz-bg-color\"><\/div>\n<\/div>\n<div class=\"brz-column__items brz-css-et2e3c brz-css-22kpyr\">\n<div id=\"\" class=\"brz-css-3c9hel brz-wrapper\">\n<div class=\"brz-rich-text brz-rich-text__custom brz-css-n42wk1\" data-brz-custom-id=\"psvufjcvhovlojeaborwgbvcaudalvceguxs\">\n<div data-brz-translate-text=\"1\">\n<ul>\n<li class=\"brz-text-lg-justify brz-tp-lg-paragraph brz-bcp-color7 brz-css-nEw9x\" data-uniq-id=\"chpkw\" data-generated-css=\"brz-css-patwl\"><span class=\"brz-cp-color7\">Formular pol\u00edticas p\u00fablicas municipales relacionadas con las tem\u00e1ticas de g\u00e9nero, pueblos y nacionalidades, generacional, movilidad humana, discapacidades, ni\u00f1ez y adolescencia; articuladas a las pol\u00edticas p\u00fablicas de los Consejos Nacionales de Igualdad.<\/span><\/li>\n<li class=\"brz-text-lg-justify brz-tp-lg-paragraph brz-bcp-color7 brz-css-pkkLs\" data-uniq-id=\"ceavn\" data-generated-css=\"brz-css-utytl\"><span class=\"brz-cp-color7\">Transversalizar las pol\u00edticas p\u00fablicas de g\u00e9nero, \u00e9tnico\/ intercultural, generacional, movilidad humana, discapacidades, ni\u00f1ez y adolescencia, en las instituciones p\u00fablicas y privadas del cant\u00f3n.<\/span><\/li>\n<li class=\"brz-text-lg-justify brz-tp-lg-paragraph brz-bcp-color7 brz-css-x8X0u\" data-uniq-id=\"bnawj\" data-generated-css=\"brz-css-jmcxi\"><span class=\"brz-cp-color7\">Observar, vigilar y activar mecanismos para exigir el cumplimiento de los derechos individuales y colectivos en la&nbsp;&nbsp;aplicaci\u00f3n de los servicios p\u00fablicos y privados relacionados con las pol\u00edticas de igualdad.<\/span><\/li>\n<li class=\"brz-text-lg-justify brz-tp-lg-paragraph brz-bcp-color7 brz-css-hR6fI\" data-uniq-id=\"eefjc\" data-generated-css=\"brz-css-nvriu\"><span class=\"brz-cp-color7\">Hacer seguimiento y evaluaci\u00f3n de la pol\u00edtica p\u00fablica para la igualdad.<\/span><\/li>\n<li class=\"brz-text-lg-justify brz-tp-lg-paragraph brz-bcp-color7 brz-css-nhLJ7\" data-uniq-id=\"wjudg\" data-generated-css=\"brz-css-skgcd\"><span class=\"brz-cp-color7\">Coordinar con las entidades rectoras y ejecutoras con los organismos especializados, as\u00ed como con las redes interinstitucionales de protecci\u00f3n de derechos en su jurisdicci\u00f3n.<\/span><\/li>\n<li class=\"brz-text-lg-justify brz-tp-lg-paragraph brz-bcp-color7 brz-css-mhTN3\" data-uniq-id=\"moisu\" data-generated-css=\"brz-css-mdtja\"><span class=\"brz-cp-color7\">Promover la conformaci\u00f3n y fortalecimiento de las&nbsp;&nbsp;Defensor\u00edas Comunitarias y Consejos Consultivos de titulares de derechos.<\/span><\/li>\n<li class=\"brz-text-lg-justify brz-tp-lg-paragraph brz-bcp-color7 brz-css-jZp_A\" data-uniq-id=\"lznts\" data-generated-css=\"brz-css-sopky\"><span class=\"brz-cp-color7\">Apoyar y brindar seguimiento a las Juntas Cantonales de Protecci\u00f3n de Derechos.<\/span><\/li>\n<li class=\"brz-text-lg-justify brz-tp-lg-paragraph brz-bcp-color7 brz-css-lZ15i\" data-uniq-id=\"yanbv\" data-generated-css=\"brz-css-piyij\"><span class=\"brz-cp-color7\">Los dem\u00e1s que le atribuya la ley y el reglamento.<\/span><\/li>\n<\/ul>\n<p class=\"brz-tp-lg-paragraph brz-css-v7lVo\" data-uniq-id=\"qcifw\" data-generated-css=\"brz-css-spvve\"><\/p>\n<\/div>\n<\/div>\n<\/div>\n<\/div>\n<\/div>\n<\/div>\n<\/div>\n<\/div>\n<\/div>\n<\/section>\n<footer id=\"_nqjxozruviwsgbvtsuxtgnkrdcfhoohllgax\" class=\"brz-footer brz-css-1fcal3s brz-css-c22vwi\" data-brz-custom-id=\"nqjxozruviwsgbvtsuxtgnkrdcfhoohllgax\">\n<div class=\"brz-bg\">\n<div class=\"brz-bg-color\"><\/div>\n<\/div>\n<div class=\"brz-container brz-css-lx6t4o\">\n<div id=\"\" class=\"brz-css-3c9hel brz-wrapper\">\n<div class=\"brz-map brz-map_styles brz-css-peu434\" data-brz-custom-id=\"kazjmlywbzwkrldexewvcskxjdoavotobonr\">\n<div class=\"brz-ui-ed-map-content\"><\/div>\n<\/div>\n<\/div>\n<\/div>\n<\/footer>\n<\/div>\n<p>    <!-- version:1737071566 --><\/p>\n","protected":false},"excerpt":{"rendered":"<p>Formular pol\u00edticas p\u00fablicas municipales relacionadas con las tem\u00e1ticas de g\u00e9nero, pueblos y nacionalidades, generacional, movilidad humana, discapacidades, ni\u00f1ez y adolescencia; articuladas a las pol\u00edticas p\u00fablicas de los Consejos Nacionales de Igualdad. Transversalizar las pol\u00edticas p\u00fablicas de g\u00e9nero, \u00e9tnico\/ intercultural, generacional, movilidad humana, discapacidades, ni\u00f1ez y adolescencia, en las instituciones p\u00fablicas y privadas del cant\u00f3n. Observar,&#8230;<\/p>\n","protected":false},"author":1,"featured_media":0,"parent":0,"menu_order":0,"comment_status":"closed","ping_status":"open","template":"brizy-blank-template.php","meta":{"_monsterinsights_skip_tracking":false,"_monsterinsights_sitenote_active":false,"_monsterinsights_sitenote_note":"","_monsterinsights_sitenote_category":0,"_kad_post_transparent":"","_kad_post_title":"","_kad_post_layout":"","_kad_post_sidebar_id":"","_kad_post_content_style":"","_kad_post_vertical_padding":"","_kad_post_feature":"","_kad_post_feature_position":"","_kad_post_header":false,"_kad_post_footer":false,"footnotes":""},"class_list":["post-712","page","type-page","status-publish","hentry"],"aioseo_notices":[],"brizy_media":[{"id":823,"url":"https:\/\/ccpdq.gob.ec\/wp-content\/uploads\/2022\/09\/WhatsApp-Image-2022-09-01-at-11.49.35-AM-1-1.jpeg","name":"WhatsApp-Image-2022-09-01-at-11.49.35-AM-1-1.jpeg","meta":{"brizy_attachment_uid":"wp-22dfa9e5eb1936338f5489f161719105.jpeg","brizy_post_uid":["af262eefc26bdf1002d159503e3bdbbc"]}},{"id":827,"url":"https:\/\/ccpdq.gob.ec\/wp-content\/uploads\/2022\/09\/WhatsApp-Image-2022-09-01-at-11.49.32-AM-1.jpeg","name":"WhatsApp-Image-2022-09-01-at-11.49.32-AM-1.jpeg","meta":{"brizy_attachment_uid":"wp-0ef7ae7ba15a55d50dc857e853696eec.jpeg","brizy_post_uid":["af262eefc26bdf1002d159503e3bdbbc","ed8baf1b58a30534c337a7265caea89d"]}},{"id":953,"url":"https:\/\/ccpdq.gob.ec\/wp-content\/uploads\/2022\/09\/Captura2-removebg-preview.png","name":"Captura2-removebg-preview.png","meta":{"brizy_attachment_uid":"wp-6617806035a29bc430eba15fa16e9446.png","brizy_post_uid":["c36f4eef6df4a6206df804c5b9c39be3","aa11a2525bea5d611ed342bbd7d1fedb","5cf195472ecb705e2e4aaae788dec4b2","af262eefc26bdf1002d159503e3bdbbc"]}},{"id":1034,"url":"https:\/\/ccpdq.gob.ec\/wp-content\/uploads\/2022\/09\/Sistema-de-Protecion-de-derechos-01.png","name":"Sistema-de-Protecion-de-derechos-01.png","meta":{"brizy_attachment_uid":"wp-83806cb0134b273ec2b4f10a4080c58f.png","brizy_post_uid":["b7da6e614353e33119c9f0dd2a510b16","af262eefc26bdf1002d159503e3bdbbc","df774c7df8a648a719e4c35a72b26abe","daf309f5d9fb08eedddbfa1c2a5c2a4a","ed8baf1b58a30534c337a7265caea89d","796a690333efc64e78082d084c1588fd"]}},{"id":1117,"url":"https:\/\/ccpdq.gob.ec\/wp-content\/uploads\/2022\/09\/294253451_567955348159676_6757667850551589602_n.jpg","name":"294253451_567955348159676_6757667850551589602_n.jpg","meta":{"brizy_attachment_uid":"wp-0dbb3875870a5a3dd18ef230c39904ad.jpg","brizy_post_uid":["af262eefc26bdf1002d159503e3bdbbc","df774c7df8a648a719e4c35a72b26abe","c36f4eef6df4a6206df804c5b9c39be3","ed8baf1b58a30534c337a7265caea89d"]}},{"id":7246,"url":"https:\/\/ccpdq.gob.ec\/wp-content\/uploads\/2023\/05\/LOGOS-CONCEJO-PNG-031.jpg","name":"LOGOS-CONCEJO-PNG-031.jpg","meta":{"brizy_attachment_uid":"wp-9b886d0be7c0aa1b57e4ef6aa619bd22.jpg","brizy_post_uid":["c36f4eef6df4a6206df804c5b9c39be3","b7da6e614353e33119c9f0dd2a510b16","af262eefc26bdf1002d159503e3bdbbc","daf309f5d9fb08eedddbfa1c2a5c2a4a","9d180321b07beaf18673681bee0c7dc4","b5223edfbd6ad6c564983e372c634ef8","319172e17029b29a1303cae5284ca19e"]}}],"_links":{"self":[{"href":"https:\/\/ccpdq.gob.ec\/index.php\/wp-json\/wp\/v2\/pages\/712","targetHints":{"allow":["GET"]}}],"collection":[{"href":"https:\/\/ccpdq.gob.ec\/index.php\/wp-json\/wp\/v2\/pages"}],"about":[{"href":"https:\/\/ccpdq.gob.ec\/index.php\/wp-json\/wp\/v2\/types\/page"}],"author":[{"embeddable":true,"href":"https:\/\/ccpdq.gob.ec\/index.php\/wp-json\/wp\/v2\/users\/1"}],"replies":[{"embeddable":true,"href":"https:\/\/ccpdq.gob.ec\/index.php\/wp-json\/wp\/v2\/comments?post=712"}],"version-history":[{"count":19,"href":"https:\/\/ccpdq.gob.ec\/index.php\/wp-json\/wp\/v2\/pages\/712\/revisions"}],"predecessor-version":[{"id":7375,"href":"https:\/\/ccpdq.gob.ec\/index.php\/wp-json\/wp\/v2\/pages\/712\/revisions\/7375"}],"wp:attachment":[{"href":"https:\/\/ccpdq.gob.ec\/index.php\/wp-json\/wp\/v2\/media?parent=712"}],"curies":[{"name":"wp","href":"https:\/\/api.w.org\/{rel}","templated":true}]}}