{"id":717,"date":"2022-09-05T11:43:35","date_gmt":"2022-09-05T16:43:35","guid":{"rendered":"https:\/\/ccpdq.gob.ec\/?page_id=717"},"modified":"2025-08-15T22:08:33","modified_gmt":"2025-08-16T03:08:33","slug":"junta-cantonal","status":"publish","type":"page","link":"https:\/\/ccpdq.gob.ec\/index.php\/junta-cantonal\/","title":{"rendered":"Junta cantonal"},"content":{"rendered":"<div class=\"brz-root__container brz-reset-all brz brz-root__container-page\">\n<section id=\"_wcrkcungylqnleqfmmdbaxuueixzpxirczyn\" class=\"brz-section brz-css-emzcvt brz-css-12p1j0q\">\n<div class=\"brz-section__content brz-section--boxed brz-css-18r5c09 brz-css-92hqpt\" data-brz-custom-id=\"xnznbbuxbnqfozbxhuphvkvyveiqrgrstyyc\">\n<div class=\"brz-container brz-css-1ufqtsd\">\n<div class=\"brz-row__container brz-css-5h6olz\" data-brz-custom-id=\"qcadiefgcrvyawmgqhldyhbuadlmwxgmtwez\">\n<div class=\"brz-bg\"><\/div>\n<div class=\"brz-row brz-css-zxkbp brz-css-1mi1bs3\">\n<div class=\"brz-columns brz-css-17z035h brz-css-o4n8d7\" data-brz-custom-id=\"dbtgkzexghelvybzdihfrehganoodrdpcvql\">\n<div class=\"brz-bg\"><\/div>\n<div class=\"brz-column__items brz-css-188en4a brz-css-1qwbzuo\">\n<div id=\"\" class=\"brz-css-tk2gp5 brz-wrapper\">\n<div class=\"brz-menu__container brz-css-e8dxkp\" data-mmenu-id=\"#oeidqyxmdeupxacggvfkchxixylovkssxbkq_\" data-mmenu-position=\"position-left\" data-mmenu-title=\"Menu\" data-mmenu-stickytitle=\"on\" data-mmenu-isslider=\"false\" data-mmenu-closingicon=\"%7B%22desktop%22%3A%22off%22%2C%22tablet%22%3A%22off%22%2C%22mobile%22%3A%22off%22%7D\" data-brz-custom-id=\"oeidqyxmdeupxacggvfkchxixylovkssxbkq\">\n<nav data-mods=\"%7B%22desktop%22%3A%22horizontal%22%2C%22tablet%22%3A%22horizontal%22%2C%22mobile%22%3A%22horizontal%22%7D\" class=\"brz-menu brz-menu__preview brz-css-1ios741 brz-css-xax8kc\">\n<ul class=\"brz-menu__ul\" data-menu-items-active=\"\">\n<li data-menu-item-id=\"\" class=\"brz-menu__item \"><a class=\"brz-a\" target=\"\" href=\"\" title=\"\" rel=\"noopener\"><span class=\"brz-span\"><\/span><\/a>\n<ul class=\"brz-menu__sub-menu\"><\/ul>\n<\/li>\n<\/ul>\n<\/nav>\n<div class=\"brz-mm-menu__icon\"><\/div>\n<nav data-mods=\"%7B%22desktop%22%3A%22horizontal%22%2C%22tablet%22%3A%22horizontal%22%2C%22mobile%22%3A%22horizontal%22%7D\" id=\"oeidqyxmdeupxacggvfkchxixylovkssxbkq_\" class=\"brz-menu brz-menu__preview brz-menu__mmenu brz-menu--has-dropdown brz-css-r0z8qc\">\n<ul class=\"brz-menu__ul\" data-menu-items-active=\"\">\n<li data-menu-item-id=\"\" class=\"brz-menu__item \"><a class=\"brz-a\" target=\"\" href=\"\" title=\"\" rel=\"noopener\"><span class=\"brz-span\"><\/span><\/a>\n<ul class=\"brz-menu__sub-menu\"><\/ul>\n<\/li>\n<\/ul>\n<\/nav>\n<\/div>\n<\/div>\n<\/div>\n<\/div>\n<\/div>\n<\/div>\n<\/div>\n<\/div>\n<\/section>\n<section id=\"_xofqouonqqiajwbcpnzqxfxclzxzkgozsrgj\" class=\"brz-section brz-css-emzcvt brz-css-faacbw\">\n<div class=\"brz-section__content brz-section--boxed brz-css-18r5c09 brz-css-2l91wh\" data-brz-custom-id=\"rfwnirykkkmtccxowbhxgiglkcxwzozxfjuo\">\n<div class=\"brz-bg\">\n<div class=\"brz-bg-image\"><\/div>\n<div class=\"brz-bg-color\"><\/div>\n<\/div>\n<div class=\"brz-container brz-css-1ufqtsd\">\n<div class=\"brz-row__container brz-css-5h6olz brz-css-468zpc\" data-brz-custom-id=\"kghrvubxovnqrkcxdfihusfaksstisqymdhi\">\n<div class=\"brz-bg\"><\/div>\n<div class=\"brz-row brz-css-zxkbp brz-css-1mi1bs3\">\n<div class=\"brz-columns brz-css-17z035h brz-css-1x9wuzr\" data-brz-custom-id=\"utcksjzuxwckpxsjhnslrqbgifwnbeyuxkdt\">\n<div class=\"brz-bg\"><\/div>\n<div class=\"brz-column__items brz-css-188en4a brz-css-mw74rc\">\n<div id=\"\" class=\"brz-css-tk2gp5 brz-css-1540l4u brz-css-1mezfr2 brz-wrapper\">\n<div class=\"brz-spacer brz-css-1dqohs1 brz-css-1m4u7wv\"><\/div>\n<\/div>\n<div id=\"\" class=\"brz-css-tk2gp5 brz-css-1ior87g brz-wrapper\">\n<div class=\"brz-rich-text brz-rich-text__custom brz-css-y6nhtr\" data-brz-custom-id=\"bvcfrdwitjbizzduamagpecjrtomsqcyqsvx\">\n<div data-brz-translate-text=\"1\">\n<p class=\"brz-tp-lg-empty brz-ff-prata brz-ft-google brz-fs-lg-100 brz-fss-lg-px brz-fw-lg-400 brz-ls-lg-0 brz-lh-lg-1_3 brz-css-f0p0e\" data-uniq-id=\"muuav\" data-generated-css=\"brz-css-cfjra\"><\/p>\n<\/div>\n<\/div>\n<\/div>\n<div id=\"\" class=\"brz-css-tk2gp5 brz-css-1540l4u brz-wrapper\">\n<div class=\"brz-spacer brz-css-1dqohs1 brz-css-1ebu7p1\"><\/div>\n<\/div>\n<div id=\"\" class=\"brz-css-tk2gp5 brz-css-1540l4u brz-wrapper\">\n<div class=\"brz-spacer brz-css-1dqohs1 brz-css-shqbkw\"><\/div>\n<\/div>\n<div class=\"brz-row__container brz-css-5h6olz\" data-brz-custom-id=\"tbeuhdqxggrvniejlgevtzczsnmvwldkcyxr\">\n<div class=\"brz-bg\"><\/div>\n<div class=\"brz-row brz-row--inner brz-css-zxkbp brz-css-1mi1bs3\">\n<div class=\"brz-columns brz-css-17z035h brz-css-36e8yt\" data-brz-custom-id=\"frslnfgxonwmdzpksriwivndpgmpevgtjyzs\">\n<div class=\"brz-bg\"><\/div>\n<div class=\"brz-column__items brz-css-188en4a\">\n<div id=\"\" class=\"brz-css-tk2gp5 brz-css-1540l4u brz-wrapper\">\n<div class=\"brz-spacer brz-css-1dqohs1\"><\/div>\n<\/div>\n<\/div>\n<\/div>\n<div class=\"brz-columns brz-css-17z035h brz-css-19mavo9\" data-brz-custom-id=\"cgfvkiosfqjgciemarryuemefdkxfjjeynkv\">\n<div class=\"brz-bg\"><\/div>\n<div class=\"brz-column__items brz-css-188en4a brz-css-14xfdrp\">\n<div id=\"\" class=\"brz-css-tk2gp5 brz-wrapper\">\n<div class=\"brz-rich-text brz-rich-text__custom brz-css-y6nhtr\" data-brz-custom-id=\"omynjiaxhdqdadvpyikaqdxigvwfjoqhxuzk\">\n<div data-brz-translate-text=\"1\">\n<p class=\"brz-text-lg-center brz-fss-lg-px brz-fw-lg-400 brz-ls-lg-0 brz-lh-lg-2 brz-tp-lg-empty brz-ff-kumbh_sans brz-ft-google brz-fs-lg-32 brz-css-pZW44\" data-uniq-id=\"npcue\" data-generated-css=\"brz-css-yljke\"><strong>Junta Cantonal de Protecci\u00f3n de Derechos<\/strong><\/p>\n<\/div>\n<\/div>\n<\/div>\n<\/div>\n<\/div>\n<\/div>\n<\/div>\n<\/div>\n<\/div>\n<div class=\"brz-columns brz-css-17z035h brz-css-1vopsqh\" data-brz-custom-id=\"wqoiksomrixydrwpkwqistpoieimsygtlqnu\">\n<div class=\"brz-bg\"><\/div>\n<div class=\"brz-column__items brz-css-188en4a brz-css-fycj92\">\n<div id=\"\" class=\"brz-css-tk2gp5 brz-css-1540l4u brz-wrapper\">\n<div class=\"brz-spacer brz-css-1dqohs1 brz-css-pbsbnb\"><\/div>\n<\/div>\n<\/div>\n<\/div>\n<\/div>\n<\/div>\n<\/div>\n<\/div>\n<\/section>\n<section id=\"_eqzurimgrtutavjrbppohkvzweyrhdxuwlbh\" class=\"brz-section brz-css-emzcvt\">\n<div class=\"brz-section__content brz-section--boxed brz-css-18r5c09 brz-css-553opk\" data-brz-custom-id=\"gxguwgmslywnougsvpkkzrtyodyalgpwuptc\">\n<div class=\"brz-container brz-css-1ufqtsd\">\n<div class=\"brz-row__container brz-css-5h6olz\" data-brz-custom-id=\"rdixwhtuyndbynpgitusttgqszaiwurswaml\">\n<div class=\"brz-bg\"><\/div>\n<div class=\"brz-row brz-css-zxkbp brz-css-1mi1bs3\">\n<div class=\"brz-columns brz-css-17z035h brz-css-1sp8o37\" data-brz-custom-id=\"qyqnhkphtkvnclfthhxaeykieoillivvqdpy\">\n<div class=\"brz-bg\"><\/div>\n<div class=\"brz-column__items brz-css-188en4a brz-css-12cjhk4\">\n<div id=\"\" class=\"brz-css-tk2gp5 brz-css-129rjcl brz-wrapper\">\n<div class=\"brz-rich-text brz-rich-text__custom brz-css-y6nhtr\" data-brz-custom-id=\"ozcbtauyzzgnzbrznfhwtbhocewxwdbyfrvz\">\n<div data-brz-translate-text=\"1\">\n<p class=\"brz-tp-lg-heading2 brz-mt-lg-62 brz-mb-lg-0 brz-text-lg-center brz-css-cP1oB\" data-generated-css=\"brz-css-yynbt\" data-uniq-id=\"djois\">Quienes somos<\/p>\n<\/div>\n<\/div>\n<\/div>\n<div id=\"\" class=\"brz-css-tk2gp5 brz-css-11yuilr brz-wrapper\">\n<div class=\"brz-image brz-css-1wb035r\" data-brz-custom-id=\"avtsrkdurelhzwpkdmxyowwgjttqltfupgiu\"><img decoding=\"async\" class=\"brz-img\" src=\"https:\/\/ccpdq.gob.ec\/wp-content\/uploads\/brizy\/imgs\/LOGOJUNTA-removebg-preview-576x324x0x55x576x214x1663100538.png\" alt=\"\" loading=\"lazy\"><\/div>\n<\/div>\n<\/div>\n<\/div>\n<div class=\"brz-columns brz-css-17z035h brz-css-y8g82s\" data-brz-custom-id=\"ezkigfkirkodwfemckgrarmafkclkzteqvvi\">\n<div class=\"brz-bg\"><\/div>\n<div class=\"brz-column__items brz-css-188en4a brz-css-oc0gkl\">\n<div id=\"\" class=\"brz-css-tk2gp5 brz-css-sc7u5a brz-wrapper\">\n<div class=\"brz-rich-text brz-rich-text__custom brz-css-y6nhtr\" data-brz-custom-id=\"lwoxezfjkfngdvosoviqhlmytbjfiyyyvyxg\">\n<div data-brz-translate-text=\"1\">\n<p class=\"brz-text-lg-justify brz-tp-lg-paragraph brz-css-j59qq\" data-generated-css=\"brz-css-pnjzf\" data-uniq-id=\"zlrsm\"><span class=\"brz-cp-color7\">Somos un \u00f3rgano de nivel operativo, con autonom\u00eda administrativa y funcional que tiene como funci\u00f3n p\u00fablica la protecci\u00f3n de los derechos individuales y colectivos de los ni\u00f1os, ni\u00f1as y adolescentes en el cant\u00f3n Quinind\u00e9. El Gobierno Aut\u00f3nomo Descentralizado Municipal de Quinind\u00e9 financiara a la Junta Cantonal de Protecci\u00f3n de Derechos, sin perjuicio del apoyo econ\u00f3mico que pueda brindar otras instituciones gubernamentales y no gubernamentales, y convocara de acuerdo al reglamento espec\u00edfico que para el efecto se dicte para el concurso de m\u00e9rito y oposici\u00f3n.<\/span><\/p>\n<\/div>\n<\/div>\n<\/div>\n<div id=\"\" class=\"brz-css-tk2gp5 brz-css-1540l4u brz-wrapper\">\n<div class=\"brz-spacer brz-css-1dqohs1 brz-css-h6bave\"><\/div>\n<\/div>\n<\/div>\n<\/div>\n<\/div>\n<\/div>\n<div class=\"brz-row__container brz-css-5h6olz\" data-brz-custom-id=\"kpdqpwaoidczyhnleltubzpdibxqkfjkqjgy\">\n<div class=\"brz-bg\"><\/div>\n<div class=\"brz-row brz-css-zxkbp brz-css-1mi1bs3\">\n<div class=\"brz-columns brz-css-17z035h brz-css-1qdcgtb\" data-brz-custom-id=\"xrxbpalqoowzpkblkpscuuqjdxhdmqgdhxzy\">\n<div class=\"brz-bg\"><\/div>\n<div class=\"brz-column__items brz-css-188en4a brz-css-7ppua\">\n<div id=\"\" class=\"brz-css-tk2gp5 brz-css-1540l4u brz-wrapper\">\n<div class=\"brz-spacer brz-css-1dqohs1 brz-css-wz1m4e\"><\/div>\n<\/div>\n<div id=\"\" class=\"brz-css-tk2gp5 brz-css-10ifwjc brz-wrapper\">\n<div class=\"brz-rich-text brz-rich-text__custom brz-css-y6nhtr\" data-brz-custom-id=\"dcmrgewbnifukzlomeonvctvnmrzgwykpbbe\">\n<div data-brz-translate-text=\"1\">\n<p class=\"brz-tp-lg-heading4 brz-css-rC0gL\" data-uniq-id=\"tszfs\" data-generated-css=\"brz-css-ysuxu\">Aranza Cortez M.<\/p>\n<\/div>\n<\/div>\n<\/div>\n<div id=\"\" class=\"brz-css-tk2gp5 brz-css-16mr2ic brz-wrapper\">\n<div class=\"brz-rich-text brz-rich-text__custom brz-css-y6nhtr\" data-brz-custom-id=\"ozvszswdgctskpxjkppbudnywerqaxvgrlvx\">\n<div data-brz-translate-text=\"1\">\n<p class=\"brz-tp-lg-heading6 brz-css-zfmQZ\" data-generated-css=\"brz-css-qjitf\" data-uniq-id=\"lvqdq\"><span class=\"brz-cp-color3\">Licenciada <\/span><\/p>\n<\/div>\n<\/div>\n<\/div>\n<div id=\"\" class=\"brz-css-tk2gp5 brz-css-v56sgd brz-wrapper\">\n<div class=\"brz-rich-text brz-rich-text__custom brz-css-y6nhtr\" data-brz-custom-id=\"yadtthabldcfvvjwxsaznsisrmgclozaboqe\">\n<div data-brz-translate-text=\"1\">\n<p data-uniq-id=\"yqfnr\" data-generated-css=\"brz-css-sqkmi\" class=\"brz-tp-lg-paragraph brz-bcp-color7 brz-text-lg-justify brz-css-j3hMk\"><span class=\"brz-cp-color7\">MIEMBRO DE LA JUNTA<\/span><\/p>\n<\/div>\n<\/div>\n<\/div>\n<\/div>\n<\/div>\n<div class=\"brz-columns brz-css-17z035h brz-css-1a4s5k7\" data-brz-custom-id=\"nitgdjnhehjvydswxwiygyqyjbrnayvjhvib\">\n<div class=\"brz-bg\"><\/div>\n<div class=\"brz-column__items brz-css-188en4a brz-css-1svyrbu\">\n<div id=\"\" class=\"brz-css-tk2gp5 brz-css-1540l4u brz-wrapper\">\n<div class=\"brz-spacer brz-css-1dqohs1 brz-css-o82g1z\"><\/div>\n<\/div>\n<div id=\"\" class=\"brz-css-tk2gp5 brz-css-yck0bs brz-wrapper\">\n<div class=\"brz-rich-text brz-rich-text__custom brz-css-y6nhtr\" data-brz-custom-id=\"wzsqysuuuywapsvsaljeslhixrqhdlmkuuuz\">\n<div data-brz-translate-text=\"1\">\n<p class=\"brz-tp-lg-heading4 brz-css-mFZqN\" data-uniq-id=\"aflyf\" data-generated-css=\"brz-css-xqwry\">Mayra Simisterra V.<\/p>\n<\/div>\n<\/div>\n<\/div>\n<div id=\"\" class=\"brz-css-tk2gp5 brz-css-n0cag7 brz-wrapper\">\n<div class=\"brz-rich-text brz-rich-text__custom brz-css-y6nhtr\" data-brz-custom-id=\"zavetzwynnljrpihewdajrfbrgayhmuzfwxr\">\n<div data-brz-translate-text=\"1\">\n<p class=\"brz-tp-lg-heading6 brz-text-lg-justify brz-css-yc2qL\" data-generated-css=\"brz-css-dayym\" data-uniq-id=\"tfgsi\"><span class=\"brz-cp-color3\">Abogada<\/span><\/p>\n<\/div>\n<\/div>\n<\/div>\n<div id=\"\" class=\"brz-css-tk2gp5 brz-css-1g4dqmg brz-wrapper\">\n<div class=\"brz-rich-text brz-rich-text__custom brz-css-y6nhtr\" data-brz-custom-id=\"pocixqjcnczmtvhdxbwuegcbtkjemhksiuuk\">\n<div data-brz-translate-text=\"1\">\n<p class=\"brz-tp-lg-paragraph brz-text-lg-justify brz-css-xLDIG\" data-generated-css=\"brz-css-yaoru\" data-uniq-id=\"slrjq\"><span class=\"brz-cp-color7\">MIEMBRO DE LA JUNTA<\/span><\/p>\n<\/div>\n<\/div>\n<\/div>\n<\/div>\n<\/div>\n<div class=\"brz-columns brz-css-17z035h brz-css-l2fy0v\" data-brz-custom-id=\"pgfefiivxivgvteujvhreiwhjgoztajrogip\">\n<div class=\"brz-bg\"><\/div>\n<div class=\"brz-column__items brz-css-188en4a brz-css-o4r1s\">\n<div id=\"\" class=\"brz-css-tk2gp5 brz-css-1540l4u brz-wrapper\">\n<div class=\"brz-spacer brz-css-1dqohs1 brz-css-1xd42u\"><\/div>\n<\/div>\n<div id=\"\" class=\"brz-css-tk2gp5 brz-css-fta3az brz-wrapper\">\n<div class=\"brz-rich-text brz-rich-text__custom brz-css-y6nhtr\" data-brz-custom-id=\"ylgpishozsxlgaromyrhyranzqeehynmooit\">\n<div data-brz-translate-text=\"1\">\n<p class=\"brz-tp-lg-heading4 brz-css-dQodC\" data-generated-css=\"brz-css-wmmig\" data-uniq-id=\"bxypz\">Francisco Coxx O.<\/p>\n<\/div>\n<\/div>\n<\/div>\n<div id=\"\" class=\"brz-css-tk2gp5 brz-css-6sjso brz-wrapper\">\n<div class=\"brz-rich-text brz-rich-text__custom brz-css-y6nhtr\" data-brz-custom-id=\"sbrflgmuzavtpbvwazslgvblnwvakowduaxs\">\n<div data-brz-translate-text=\"1\">\n<p class=\"brz-tp-lg-heading6 brz-css-ekmx5\" data-generated-css=\"brz-css-ritra\" data-uniq-id=\"jjtgq\"><span class=\"brz-cp-color3\">Abogado<\/span><\/p>\n<\/div>\n<\/div>\n<\/div>\n<div id=\"\" class=\"brz-css-tk2gp5 brz-css-1de1k6r brz-wrapper\">\n<div class=\"brz-rich-text brz-rich-text__custom brz-css-y6nhtr\" data-brz-custom-id=\"zqzxhvfnkibuvforpgnpygjyvghozffkgrof\">\n<div data-brz-translate-text=\"1\">\n<p class=\"brz-tp-lg-paragraph brz-text-lg-justify brz-css-zDJHm\" data-generated-css=\"brz-css-hbnvv\" data-uniq-id=\"ifzmn\"><span class=\"brz-cp-color7\">MIEMBRO DE LA JUNTA<\/span><\/p>\n<\/div>\n<\/div>\n<\/div>\n<\/div>\n<\/div>\n<\/div>\n<\/div>\n<\/div>\n<\/div>\n<\/section>\n<section id=\"_vgedgavoncrelcaojdzqxkufgnrbqiplxqcq\" class=\"brz-section brz-css-emzcvt\">\n<div class=\"brz-section__content brz-section--boxed brz-css-18r5c09 brz-css-1t1rw1o\" data-brz-custom-id=\"xlepmnnqqfikwxuejprwmbccmwypfqoewqkp\">\n<div class=\"brz-container brz-css-1ufqtsd\">\n<div class=\"brz-row__container brz-css-5h6olz\" data-brz-custom-id=\"xzaahajhgmzymvxllnnghzchzlezosejidwm\">\n<div class=\"brz-bg\"><\/div>\n<div class=\"brz-row brz-css-zxkbp brz-css-1mi1bs3\">\n<div class=\"brz-columns brz-css-17z035h brz-css-1bq9fh3\" data-brz-custom-id=\"byachvenlfcmwtlfnsigihhjqzmzzlmujbub\">\n<div class=\"brz-bg\"><\/div>\n<div class=\"brz-column__items brz-css-188en4a\">\n<div id=\"\" class=\"brz-css-tk2gp5 brz-css-6bnqlf brz-wrapper\">\n<div class=\"brz-image brz-css-1uwohx8\" data-brz-custom-id=\"oqyfgnhwazlkhscxaknvisibcylfyydibpiy\"><img decoding=\"async\" class=\"brz-img\" src=\"https:\/\/ccpdq.gob.ec\/wp-content\/uploads\/brizy\/imgs\/JUNTA2-403x227x68x0x266x227x1663100800.jpg\" alt=\"\" loading=\"lazy\"><\/div>\n<\/div>\n<div id=\"\" class=\"brz-css-tk2gp5 brz-css-1iw4rrk brz-wrapper\">\n<div class=\"brz-image brz-css-1h6notr\" data-brz-custom-id=\"akmpdaoidjbjnygtwqlzjxpqcrvzcdtejflz\"><img decoding=\"async\" class=\"brz-img\" src=\"https:\/\/ccpdq.gob.ec\/wp-content\/uploads\/brizy\/imgs\/JUNTA4-403x227x68x0x266x227x1663101020.jpg\" alt=\"\" loading=\"lazy\"><\/div>\n<\/div>\n<\/div>\n<\/div>\n<div class=\"brz-columns brz-css-17z035h brz-css-iq884f\" data-brz-custom-id=\"phwwjexfbaksxvwemubojjzvduxamdizhato\">\n<div class=\"brz-bg\"><\/div>\n<div class=\"brz-column__items brz-css-188en4a\">\n<div id=\"\" class=\"brz-css-tk2gp5 brz-wrapper\">\n<div class=\"brz-image brz-css-1p6q14k\" data-brz-custom-id=\"gruuhzahzrliqiyzuxjbqginruwtdhicueiw\"><img decoding=\"async\" class=\"brz-img\" src=\"https:\/\/ccpdq.gob.ec\/wp-content\/uploads\/brizy\/imgs\/JUNTA1-843x474x45x0x552x474x1663100437.jpg\" alt=\"\" loading=\"lazy\"><\/div>\n<\/div>\n<\/div>\n<\/div>\n<div class=\"brz-columns brz-css-17z035h brz-css-eibau8\" data-brz-custom-id=\"seyfncoqxnwytuqeuebodfvfeczzymgziijb\">\n<div class=\"brz-bg\"><\/div>\n<div class=\"brz-column__items brz-css-188en4a\">\n<div id=\"\" class=\"brz-css-tk2gp5 brz-wrapper\">\n<div class=\"brz-image brz-css-np021r\" data-brz-custom-id=\"xwypruuedqivwccuawjesifmmxswmohqumvk\"><img decoding=\"async\" class=\"brz-img\" src=\"https:\/\/ccpdq.gob.ec\/wp-content\/uploads\/brizy\/imgs\/JUNTA5-847x476x284x0x263x476x1663101021.jpg\" alt=\"\" loading=\"lazy\"><\/div>\n<\/div>\n<\/div>\n<\/div>\n<\/div>\n<\/div>\n<\/div>\n<\/div>\n<\/section>\n<section id=\"_vcxvhswmtrsuivknopbjsaeilfbmjeqbvxez\" class=\"brz-section brz-css-emzcvt\">\n<div class=\"brz-section__content brz-section--boxed brz-css-18r5c09 brz-css-1ykmyae\" data-brz-custom-id=\"emyqddfhqqlxycabvybjzwwbmjrdwdiplxqr\">\n<div class=\"brz-bg\">\n<div class=\"brz-bg-color\"><\/div>\n<\/div>\n<div class=\"brz-container brz-css-1ufqtsd\">\n<div id=\"\" class=\"brz-css-tk2gp5 brz-css-1540l4u brz-wrapper\">\n<div class=\"brz-spacer brz-css-1dqohs1 brz-css-1cerad7\"><\/div>\n<\/div>\n<div class=\"brz-row__container brz-css-5h6olz\" data-brz-custom-id=\"qdtahlpmqmstejbbowkkeypaxnvtwnwdkdvk\">\n<div class=\"brz-bg\"><\/div>\n<div class=\"brz-row brz-css-zxkbp brz-css-1mi1bs3\">\n<div class=\"brz-columns brz-css-17z035h brz-css-1xqze3y\" data-brz-custom-id=\"tphpyhlhtuxjkclwyapmhwbjjgccobhhhwjc\">\n<div class=\"brz-bg\"><\/div>\n<div class=\"brz-column__items brz-css-188en4a brz-css-7sijmn\">\n<div id=\"\" class=\"brz-css-tk2gp5 brz-wrapper\">\n<div class=\"brz-icon-text brz-css-1bqlpt4 brz-css-1ddwg9u\" data-brz-custom-id=\"wuyiifxttzmqnouxxxrdnofafdvruujolwfv\">\n<div class=\"brz-icon__container\" data-brz-custom-id=\"zvelvuctjfykousuknmpnzoajzongniaucpa\"><span class=\"brz-icon brz-span brz-css-ne3yh8 brz-css-82buyi\"><\/span><\/div>\n<div class=\"brz-text-btn\">\n<div class=\"brz-rich-text brz-rich-text__custom brz-css-y6nhtr\" data-brz-custom-id=\"zmxywgxnyfbsnpbrpuqlpdvnoexwjvwfharv\">\n<div data-brz-translate-text=\"1\">\n<p class=\"brz-mb-xs-5 brz-tp-xs-empty brz-lh-xs-2 brz-ls-xs-0 brz-fw-xs-400 brz-fss-xs-px brz-fs-xs-34 brz-mb-lg-12 brz-ff-prata brz-ft-google brz-fs-lg-70 brz-fss-lg-px brz-fw-lg-400 brz-ls-lg-0 brz-lh-lg-2 brz-tp-lg-empty brz-fs-sm-52 brz-fss-sm-px brz-fw-sm-400 brz-ls-sm-0 brz-lh-sm-2 brz-tp-sm-empty brz-mb-sm-5 brz-css-kMHYP\" data-generated-css=\"brz-css-mdzuc\" data-uniq-id=\"wiben\">Cont\u00e1ctanos<\/p>\n<p class=\"brz-tp-xs-empty brz-lh-xs-1_3 brz-ls-xs-0 brz-fw-xs-400 brz-fss-xs-px brz-fs-xs-22 brz-tp-lg-empty brz-lh-lg-1_3 brz-ls-lg-0 brz-fw-lg-400 brz-fss-lg-px brz-fs-lg-40 brz-ft-google brz-ff-prata brz-fs-sm-25 brz-fss-sm-px brz-fw-sm-400 brz-ls-sm-0 brz-lh-sm-1_3 brz-tp-sm-empty brz-css-a6xgy\" data-generated-css=\"brz-css-dxeiy\" data-uniq-id=\"xwqdt\"><\/p>\n<\/div>\n<\/div>\n<\/div>\n<\/div>\n<\/div>\n<\/div>\n<\/div>\n<div class=\"brz-columns brz-css-17z035h brz-css-1mamnat\" data-brz-custom-id=\"rcqgwciaddhwataqeoyfwxhierfabxauopwa\">\n<div class=\"brz-bg\"><\/div>\n<div class=\"brz-column__items brz-css-188en4a brz-css-1yito05\">\n<div id=\"\" class=\"brz-css-tk2gp5 brz-css-q3dcbe brz-wrapper\">\n<div class=\"brz-rich-text brz-rich-text__custom brz-css-y6nhtr\" data-brz-custom-id=\"ckexgoutawvofkeqakispdyssteauzyyufqw\">\n<div data-brz-translate-text=\"1\">\n<p class=\"brz-tp-lg-paragraph brz-mt-lg-41 brz-css-gBkqZ\" data-uniq-id=\"lyihq\" data-generated-css=\"brz-css-iphts\"><span class=\"brz-cp-color7\">Horario de atenci\u00f3n:<\/span><\/p>\n<p class=\"brz-tp-lg-paragraph brz-css-yE61h\" data-uniq-id=\"kalme\" data-generated-css=\"brz-css-ubmph\"><span class=\"brz-cp-color7\">8:00 am a 16:30 <\/span><\/p>\n<\/div>\n<\/div>\n<\/div>\n<\/div>\n<\/div>\n<\/div>\n<\/div>\n<div class=\"brz-wrapper-clone brz-css-1cyi7l2 brz-css-1mkun3x\">\n<div class=\"brz-d-xs-flex brz-flex-xs-wrap brz-css-1ktz4cs\" data-brz-custom-id=\"\">\n<div class=\"brz-wrapper-clone__item\" id=\"adziolkcguaittbczzaqwuwapwyicjvjksph\"><a class=\"brz-a brz-btn brz-css-ckzgz4 brz-css-1m5iunz brz-css-1ww0hpb brz-css-1xtzsvr\" href=\"https:\/\/ccpdq.gob.ec\/index.php\/contactenos\/\" target=\"_self\" rel=\"noopener\" data-brz-link-type=\"external\" data-brz-custom-id=\"adziolkcguaittbczzaqwuwapwyicjvjksph\"><span data-brz-translate-text=\"1\" class=\"brz-span brz-text__editor\">CONTACTO<\/span><\/a><\/div>\n<\/div>\n<\/div>\n<\/div>\n<\/div>\n<\/section>\n<\/div>\n<p>    <!-- version:1737092936 --><\/p>\n","protected":false},"excerpt":{"rendered":"<p>Junta Cantonal de Protecci\u00f3n de Derechos Quienes somos Somos un \u00f3rgano de nivel operativo, con autonom\u00eda administrativa y funcional que tiene como funci\u00f3n p\u00fablica la protecci\u00f3n de los derechos individuales y colectivos de los ni\u00f1os, ni\u00f1as y adolescentes en el cant\u00f3n Quinind\u00e9. El Gobierno Aut\u00f3nomo Descentralizado Municipal de Quinind\u00e9 financiara a la Junta Cantonal de&#8230;<\/p>\n","protected":false},"author":1,"featured_media":0,"parent":0,"menu_order":0,"comment_status":"closed","ping_status":"closed","template":"brizy-blank-template.php","meta":{"_monsterinsights_skip_tracking":false,"_monsterinsights_sitenote_active":false,"_monsterinsights_sitenote_note":"","_monsterinsights_sitenote_category":0,"_kad_post_transparent":"","_kad_post_title":"","_kad_post_layout":"","_kad_post_sidebar_id":"","_kad_post_content_style":"","_kad_post_vertical_padding":"","_kad_post_feature":"","_kad_post_feature_position":"","_kad_post_header":false,"_kad_post_footer":false,"footnotes":""},"class_list":["post-717","page","type-page","status-publish","hentry"],"aioseo_notices":[],"brizy_media":[{"id":1590,"url":"https:\/\/ccpdq.gob.ec\/wp-content\/uploads\/2022\/09\/278072103_495625718725973_4165248420825201597_n.jpg","name":"278072103_495625718725973_4165248420825201597_n.jpg","meta":{"brizy_attachment_uid":"wp-59c09cd6d044d411fe7f7a2dcb263046.jpg","brizy_post_uid":["2f3b82d04b7a32514663f2e70f2bf33f","1b2110b1c05a3169bd3a93c2c7fabdbe","fada1010482f00abbd2fd3300d2932e7","b5223edfbd6ad6c564983e372c634ef8"]}},{"id":2612,"url":"https:\/\/ccpdq.gob.ec\/wp-content\/uploads\/2022\/09\/JUNTA1.jpg","name":"JUNTA1.jpg","meta":{"brizy_attachment_uid":"wp-d85d218089de80ec15c777bd26dc6fbb.jpg","brizy_post_uid":["fada1010482f00abbd2fd3300d2932e7"]}},{"id":2613,"url":"https:\/\/ccpdq.gob.ec\/wp-content\/uploads\/2022\/09\/LOGOJUNTA-removebg-preview.png","name":"LOGOJUNTA-removebg-preview.png","meta":{"brizy_attachment_uid":"wp-a0a365551fefb50168fe39a57f589a37.png","brizy_post_uid":["fada1010482f00abbd2fd3300d2932e7"]}},{"id":2614,"url":"https:\/\/ccpdq.gob.ec\/wp-content\/uploads\/2022\/09\/JUNTA2.jpg","name":"JUNTA2.jpg","meta":{"brizy_attachment_uid":"wp-5fe9affe439b473e0ec90e67a3141bee.jpg","brizy_post_uid":["fada1010482f00abbd2fd3300d2932e7"]}},{"id":2618,"url":"https:\/\/ccpdq.gob.ec\/wp-content\/uploads\/2022\/09\/JUNTA4.jpg","name":"JUNTA4.jpg","meta":{"brizy_attachment_uid":"wp-91a77ecbb1325b8bba82d9d1c6d7e27d.jpg","brizy_post_uid":["fada1010482f00abbd2fd3300d2932e7"]}},{"id":2619,"url":"https:\/\/ccpdq.gob.ec\/wp-content\/uploads\/2022\/09\/JUNTA5.jpg","name":"JUNTA5.jpg","meta":{"brizy_attachment_uid":"wp-21cda2033c8616a43a4168f25bdcd3df.jpg","brizy_post_uid":["fada1010482f00abbd2fd3300d2932e7"]}},{"id":3033,"url":"https:\/\/ccpdq.gob.ec\/wp-content\/uploads\/2022\/09\/4-1.png","name":"4-1.png","meta":{"brizy_attachment_uid":"wp-cfe344f8d9350a5b72b29557ea868174.png","brizy_post_uid":["fada1010482f00abbd2fd3300d2932e7"]}}],"_links":{"self":[{"href":"https:\/\/ccpdq.gob.ec\/index.php\/wp-json\/wp\/v2\/pages\/717","targetHints":{"allow":["GET"]}}],"collection":[{"href":"https:\/\/ccpdq.gob.ec\/index.php\/wp-json\/wp\/v2\/pages"}],"about":[{"href":"https:\/\/ccpdq.gob.ec\/index.php\/wp-json\/wp\/v2\/types\/page"}],"author":[{"embeddable":true,"href":"https:\/\/ccpdq.gob.ec\/index.php\/wp-json\/wp\/v2\/users\/1"}],"replies":[{"embeddable":true,"href":"https:\/\/ccpdq.gob.ec\/index.php\/wp-json\/wp\/v2\/comments?post=717"}],"version-history":[{"count":16,"href":"https:\/\/ccpdq.gob.ec\/index.php\/wp-json\/wp\/v2\/pages\/717\/revisions"}],"predecessor-version":[{"id":3074,"href":"https:\/\/ccpdq.gob.ec\/index.php\/wp-json\/wp\/v2\/pages\/717\/revisions\/3074"}],"wp:attachment":[{"href":"https:\/\/ccpdq.gob.ec\/index.php\/wp-json\/wp\/v2\/media?parent=717"}],"curies":[{"name":"wp","href":"https:\/\/api.w.org\/{rel}","templated":true}]}}