{"id":718,"date":"2022-09-05T11:43:35","date_gmt":"2022-09-05T16:43:35","guid":{"rendered":"https:\/\/ccpdq.gob.ec\/?page_id=718"},"modified":"2025-08-15T14:35:53","modified_gmt":"2025-08-15T19:35:53","slug":"funciones","status":"publish","type":"page","link":"https:\/\/ccpdq.gob.ec\/index.php\/funciones\/","title":{"rendered":"Funciones"},"content":{"rendered":"<div class=\"brz-root__container brz-reset-all brz brz-root__container-page\">\n<section id=\"_rrxofnjzzkirfcbvvsncewjkvqsahjvvsklf\" class=\"brz-section brz-css-1ldqum4\">\n<div class=\"brz-section__content brz-section--boxed brz-css-1gevbj4 brz-css-gt2xrx\" data-brz-custom-id=\"hnxosyheosimnphfiivhymkzihkkqcxidjsd\">\n<div class=\"brz-container brz-css-bz4w98\">\n<div class=\"brz-row__container brz-css-vacguw\" data-brz-custom-id=\"dsdjinmbiqhmvoiybxemablngolxgaiaxega\">\n<div class=\"brz-bg\"><\/div>\n<div class=\"brz-row brz-css-i7jm2u brz-css-1l441nm\">\n<div class=\"brz-columns brz-css-abl6a3 brz-css-vna8gm\" data-brz-custom-id=\"imwqgsmezrgbujogmlsvhgfnpchngtdkyfob\">\n<div class=\"brz-bg\"><\/div>\n<div class=\"brz-column__items brz-css-1csmmkc brz-css-1mjnf7i\">\n<div id=\"\" class=\"brz-css-ninq0m brz-wrapper\">\n<div class=\"brz-menu__container brz-css-bjxbqq\" data-mmenu-id=\"#qaizybjcyshuxmaaucgxtnsrtvucqqdumldd_\" data-mmenu-position=\"position-left\" data-mmenu-title=\"Menu\" data-mmenu-stickytitle=\"on\" data-mmenu-isslider=\"false\" data-mmenu-closingicon=\"%7B%22desktop%22%3A%22off%22%2C%22tablet%22%3A%22off%22%2C%22mobile%22%3A%22off%22%7D\" data-brz-custom-id=\"qaizybjcyshuxmaaucgxtnsrtvucqqdumldd\">\n<nav data-mods=\"%7B%22desktop%22%3A%22horizontal%22%2C%22tablet%22%3A%22horizontal%22%2C%22mobile%22%3A%22horizontal%22%7D\" class=\"brz-menu brz-menu__preview brz-css-1c9iw65 brz-css-won9x3\">\n<ul class=\"brz-menu__ul\" data-menu-items-active=\"\">\n<li data-menu-item-id=\"\" class=\"brz-menu__item \"><a class=\"brz-a\" target=\"\" href=\"\" title=\"\" rel=\"noopener\"><span class=\"brz-span\"><\/span><\/a>\n<ul class=\"brz-menu__sub-menu\"><\/ul>\n<\/li>\n<\/ul>\n<\/nav>\n<div class=\"brz-mm-menu__icon\"><\/div>\n<nav data-mods=\"%7B%22desktop%22%3A%22horizontal%22%2C%22tablet%22%3A%22horizontal%22%2C%22mobile%22%3A%22horizontal%22%7D\" id=\"qaizybjcyshuxmaaucgxtnsrtvucqqdumldd_\" class=\"brz-menu brz-menu__preview brz-menu__mmenu brz-menu--has-dropdown brz-css-1qnscul\">\n<ul class=\"brz-menu__ul\" data-menu-items-active=\"\">\n<li data-menu-item-id=\"\" class=\"brz-menu__item \"><a class=\"brz-a\" target=\"\" href=\"\" title=\"\" rel=\"noopener\"><span class=\"brz-span\"><\/span><\/a>\n<ul class=\"brz-menu__sub-menu\"><\/ul>\n<\/li>\n<\/ul>\n<\/nav>\n<\/div>\n<\/div>\n<\/div>\n<\/div>\n<\/div>\n<\/div>\n<\/div>\n<\/div>\n<\/section>\n<section id=\"_yscpiwhnmesntjejopdjwqpicykccfzbqpzc\" class=\"brz-section brz-css-1ldqum4\">\n<div class=\"brz-section__content brz-section--boxed brz-css-1gevbj4 brz-css-jwvyro\" data-brz-custom-id=\"pwiyguuzrolnooivwjyaglhyzdsvlreqeyli\">\n<div class=\"brz-container brz-css-bz4w98\">\n<div class=\"brz-row__container brz-css-vacguw\" data-brz-custom-id=\"unhrgqhawdkcccypgvuiluigckdmulocelad\">\n<div class=\"brz-bg\"><\/div>\n<div class=\"brz-row brz-css-i7jm2u brz-css-1l441nm\">\n<div class=\"brz-columns brz-css-abl6a3 brz-css-1amt1ic\" data-brz-custom-id=\"gwoauohaknuquumlpqawugtuazzugtsvkmbg\">\n<div class=\"brz-bg\"><\/div>\n<div class=\"brz-column__items brz-css-1csmmkc brz-css-yow9ju\">\n<div id=\"\" class=\"brz-css-ninq0m brz-css-gnilv4 brz-wrapper\">\n<div class=\"brz-rich-text brz-rich-text__custom brz-css-izdfst\" data-brz-custom-id=\"kosjkdiovcaksnsciqphyarrxisckbyyqszb\">\n<div data-brz-translate-text=\"1\">\n<p class=\"brz-tp-lg-heading2 brz-text-lg-center brz-mt-lg-100 brz-mb-lg-0 brz-css-oMJc8\" data-generated-css=\"brz-css-crtvl\" data-uniq-id=\"hsuwj\">Funciones<\/p>\n<\/div>\n<\/div>\n<\/div>\n<\/div>\n<\/div>\n<div class=\"brz-columns brz-css-abl6a3 brz-css-bta8zy\" data-brz-custom-id=\"odfllktkdkkzulcmjfincmsnrsoxbzlcbepe\">\n<div class=\"brz-bg\"><\/div>\n<div class=\"brz-column__items brz-css-1csmmkc brz-css-j2x0lv\">\n<div id=\"\" class=\"brz-css-ninq0m brz-css-1pv6c2c brz-wrapper\">\n<div class=\"brz-rich-text brz-rich-text__custom brz-css-izdfst\" data-brz-custom-id=\"rumegumjxbaeaucwudseislotgvbjmxvnpql\">\n<div data-brz-translate-text=\"1\">\n<p class=\"brz-text-lg-justify brz-tp-lg-paragraph brz-css-tkSY7\" data-uniq-id=\"ppfky\" data-generated-css=\"brz-css-evzsp\"><span class=\"brz-cp-color7\">a) Conocer, de oficio o a petici\u00f3n de parte, los casos de amenaza o violaci\u00f3n de los derechos individuales de ni\u00f1os, ni\u00f1as y adolescentes dentro de la jurisdicci\u00f3n del respectivo cant\u00f3n; y disponer las medidas administrativas de protecci\u00f3n que sean necesarias para proteger el derecho amenazado o restituir el derecho violado; <\/span><\/p>\n<p class=\"brz-text-lg-justify brz-tp-lg-paragraph brz-css-qN98L\" data-uniq-id=\"pitwt\" data-generated-css=\"brz-css-stnfs\"><span class=\"brz-cp-color7\">b) Vigilar la ejecuci\u00f3n de sus medidas; <\/span><\/p>\n<p class=\"brz-text-lg-justify brz-tp-lg-paragraph brz-css-fxfel\" data-uniq-id=\"orrwc\" data-generated-css=\"brz-css-fcvrr\"><span class=\"brz-cp-color7\">c) Interponer las acciones necesarias ante los \u00f3rganos judiciales competentes en los casos de incumplimiento de sus decisiones; <\/span><\/p>\n<p class=\"brz-text-lg-justify brz-tp-lg-paragraph brz-css-n_syz\" data-uniq-id=\"oqjsg\" data-generated-css=\"brz-css-ibhft\"><span class=\"brz-cp-color7\">d) Requerir de los funcionarios p\u00fablicos de la administraci\u00f3n central y seccional, la informaci\u00f3n y documentos que requieran para el cumplimiento de sus funciones; <\/span><\/p>\n<p class=\"brz-text-lg-justify brz-tp-lg-paragraph brz-css-iUHs5\" data-uniq-id=\"ranxe\" data-generated-css=\"brz-css-noqmj\"><span class=\"brz-cp-color7\">e) Llevar el registro de las familias, adultos, ni\u00f1os, ni\u00f1as y adolescentes del respectivo Municipio a quienes se haya aplicado medidas de protecci\u00f3n; <\/span><\/p>\n<p class=\"brz-text-lg-justify brz-tp-lg-paragraph brz-css-q11CL\" data-uniq-id=\"yzcjx\" data-generated-css=\"brz-css-iyked\"><span class=\"brz-cp-color7\"> f) Denunciar ante las autoridades competentes la comisi\u00f3n de infracciones administrativas y penales en contra de ni\u00f1os, ni\u00f1as y adolescentes; <\/span><\/p>\n<p class=\"brz-text-lg-justify brz-tp-lg-paragraph brz-css-gFSiq\" data-uniq-id=\"xycgr\" data-generated-css=\"brz-css-qyjcu\"><span class=\"brz-cp-color7\">g) Vigilar que los reglamentos y pr\u00e1cticas institucionales de las entidades de atenci\u00f3n no violen los derechos de la ni\u00f1ez y adolescencia; y, <\/span><\/p>\n<p class=\"brz-text-lg-justify brz-tp-lg-paragraph brz-css-nPifk\" data-uniq-id=\"knyvk\" data-generated-css=\"brz-css-kppih\"><span class=\"brz-cp-color7\">h) Las dem\u00e1s que se\u00f1ale la ley.<\/span><\/p>\n<\/div>\n<\/div>\n<\/div>\n<div id=\"\" class=\"brz-css-ninq0m brz-css-14cs3d3 brz-wrapper\">\n<div class=\"brz-spacer brz-css-i2gj6x brz-css-1dd1lhu\"><\/div>\n<\/div>\n<\/div>\n<\/div>\n<\/div>\n<\/div>\n<\/div>\n<\/div>\n<\/section>\n<\/div>\n<p>    <!-- version:1737123935 --><\/p>\n","protected":false},"excerpt":{"rendered":"<p>Funciones a) Conocer, de oficio o a petici\u00f3n de parte, los casos de amenaza o violaci\u00f3n de los derechos individuales de ni\u00f1os, ni\u00f1as y adolescentes dentro de la jurisdicci\u00f3n del respectivo cant\u00f3n; y disponer las medidas administrativas de protecci\u00f3n que sean necesarias para proteger el derecho amenazado o restituir el derecho violado; b) Vigilar la&#8230;<\/p>\n","protected":false},"author":1,"featured_media":0,"parent":0,"menu_order":0,"comment_status":"closed","ping_status":"closed","template":"brizy-blank-template.php","meta":{"_monsterinsights_skip_tracking":false,"_monsterinsights_sitenote_active":false,"_monsterinsights_sitenote_note":"","_monsterinsights_sitenote_category":0,"_kad_post_transparent":"","_kad_post_title":"","_kad_post_layout":"","_kad_post_sidebar_id":"","_kad_post_content_style":"","_kad_post_vertical_padding":"","_kad_post_feature":"","_kad_post_feature_position":"","_kad_post_header":false,"_kad_post_footer":false,"footnotes":""},"class_list":["post-718","page","type-page","status-publish","hentry"],"aioseo_notices":[],"brizy_media":[{"id":1772,"url":"https:\/\/ccpdq.gob.ec\/wp-content\/uploads\/2022\/09\/306094788_596300905325120_9135545355049377582_n.jpg","name":"306094788_596300905325120_9135545355049377582_n.jpg","meta":{"brizy_attachment_uid":"wp-5fc7863992fcd78d317b22e7a673acf0.jpg","brizy_post_uid":["ce8ec5bd651de6b2263f82f90624fe67","b5223edfbd6ad6c564983e372c634ef8","c36f4eef6df4a6206df804c5b9c39be3","62a1cf8cf225f06c360b5edcbbf9b5fe"]}}],"_links":{"self":[{"href":"https:\/\/ccpdq.gob.ec\/index.php\/wp-json\/wp\/v2\/pages\/718","targetHints":{"allow":["GET"]}}],"collection":[{"href":"https:\/\/ccpdq.gob.ec\/index.php\/wp-json\/wp\/v2\/pages"}],"about":[{"href":"https:\/\/ccpdq.gob.ec\/index.php\/wp-json\/wp\/v2\/types\/page"}],"author":[{"embeddable":true,"href":"https:\/\/ccpdq.gob.ec\/index.php\/wp-json\/wp\/v2\/users\/1"}],"replies":[{"embeddable":true,"href":"https:\/\/ccpdq.gob.ec\/index.php\/wp-json\/wp\/v2\/comments?post=718"}],"version-history":[{"count":14,"href":"https:\/\/ccpdq.gob.ec\/index.php\/wp-json\/wp\/v2\/pages\/718\/revisions"}],"predecessor-version":[{"id":2527,"href":"https:\/\/ccpdq.gob.ec\/index.php\/wp-json\/wp\/v2\/pages\/718\/revisions\/2527"}],"wp:attachment":[{"href":"https:\/\/ccpdq.gob.ec\/index.php\/wp-json\/wp\/v2\/media?parent=718"}],"curies":[{"name":"wp","href":"https:\/\/api.w.org\/{rel}","templated":true}]}}